v. Let z be w(-6). Calculate p(z).
5
Let i(d) = d**2 - d - 1. Suppose 2*h - 15 = -3*h. Let y(s) be the second derivative of -s**4/6 + s**3 + s**2/2 - 3*s. Let b(g) = h*i(g) + y(g). What is b(-4)?
2
Let r = 64 + -57. Let x(m) = -m**3 + 7*m**2 - m + 6. What is x(r)?
-1
Let p(z) = -z**2 - 5*z - 3. Let h(i) = -11 - 3*i - 2*i + 4*i. Let f be h(-5). Give p(f).
-9
Let g(b) = -7*b**3 - 2*b**2 + 18*b**3 - 3 - 10*b**3. Calculate g(3).
6
Let r be ((1 - 3) + 4)*2. Let d(s) = 2*s - 5. Give d(r).
3
Let w(t) = t**3 + 5*t**2 + 6*t - 4. Suppose 10*b + 62 = 12. Calculate w(b).
-34
Suppose 15 = 5*v - 3*x, 3*v + 5*x - 6 = 3. Suppose 3*b - 4 = b, v*n + b = 11. Let h(t) = 0*t - t**2 + t + 1 - 7*t + n. Give h(-6).
4
Suppose -3*x = -2*w - w - 15, 3*w = 4*x - 15. Suppose -2*f + 0*f - 6 = 4*v, 2*f + 6 = 0. Let g(n) = -2 + v*n - 2*n + n. Calculate g(x).
-2
Let q(m) = -m**2 + 18*m - 14. Let d be q(17). Let j(b) = b**3 - 3*b**2 - b - 4. What is j(d)?
-7
Let i(s) = s**3 - 6*s**2 - 5. Let f be 1 + 5 - (0/(-5) + 0). Give i(f).
-5
Let b(o) = 4*o - 16. Let v(h) = -3*h + 11. Let p(q) = 5*b(q) + 7*v(q). Determine p(8).
-11
Let v(g) = -4*g - 8. Let a(y) = -y - 1. Let q(n) = -a(n) + v(n). Determine q(-6).
11
Let q = -15 + 14. Let d(m) = 2*m**2 - m. Let z be d(q). Let k(x) = -x**3 + 3*x**2 + x + 2. Give k(z).
5
Let h(q) = 3*q**3 + 9*q**2 - 6*q - 8. Let k(x) = 10*x**3 + 28*x**2 - 17*x - 24. Let v(y) = -7*h(y) + 2*k(y). Determine v(-8).
8
Let f(w) = -w - 1. Let s = -10 - -12. Suppose 0 = -3*t + 2*x - 2, -2*x = t - 2*t + s. Determine f(t).
1
Let d(x) = -2*x + 0*x + 11 - 10. Let u(p) = p - 1. Let k be u(4). Give d(k).
-5
Let w(c) = -c - 5. Suppose 0 - 10 = 2*n, -4*m = n + 41. Determine w(m).
4
Let r(i) be the second derivative of -i**4/8 - i**3/6 + 9*i**2/2 - 7*i. Let j(b) be the first derivative of r(b). What is j(-2)?
5
Suppose 3*h + 8 = h. Let l(s) = 3*s**3 - 94*s - 5*s**2 + 3 - 4*s**3 + 90*s. Determine l(h).
3
Let u(k) = -k**3 + 4*k**2 - k. Suppose 35 = 4*w + w + 3*f, -3*f = 4*w - 31. What is u(w)?
-4
Let l(q) be the second derivative of -3*q**2 + 6*q + 1/2*q**3 + 0 - 1/12*q**4. Determine l(4).
-10
Let a(s) = -7*s - s**2 + 21*s - 9*s + 7. What is a(5)?
7
Let x(g) = g**2 + 2*g - 1. Let v(b) = 5*b**2 + 8*b - 5. Let z(i) = -2*v(i) + 9*x(i). Determine z(4).
-7
Let m(g) = g**2 - 1. Let x be m(0). Let y(r) = -r + 0*r**2 - 5*r**2 + 0*r + 2*r. Determine y(x).
-6
Let q(a) = a**3 - 4*a**2 - a - 4. Suppose 2*g = w + 1, 0*g + 4 = -w + 3*g. Give q(w).
16
Let g(b) be the first derivative of -b**4/4 - b**3/3 + b**2/2 + b - 3. Let u(h) = -6*h**3 - h + 10. Let o(q) = 5*g(q) - u(q). What is o(4)?
3
Let w(r) = -r - 6. Let p be w(-5). Let f(n) = 6*n - 1 - 6*n - 2*n**2. Give f(p).
-3
Let m(f) be the second derivative of -f**4/12 + f**3/6 + f**2/2 + 32*f. Let x be (2/4 + -1)*0. Calculate m(x).
1
Suppose -57 = -c - 53. Let i(t) = -t**3 + 5*t**2 - 4. Calculate i(c).
12
Let y(r) = 0*r**2 - 7*r**2 - r**3 - 2 + 2*r**2. Suppose -30 = -2*f + 8*f. Calculate y(f).
-2
Let m(s) = -44 + 95 - 6*s - 48 + s**2. Determine m(6).
3
Let a(i) = 0*i + 3*i - 5*i - 7*i - 1. Determine a(1).
-10
Suppose 3*l + 3 = -0*l - 3*u, -u - 9 = -l. Suppose -y + l = -0. Let f(b) be the first derivative of -b**2/2 - b + 3. Calculate f(y).
-5
Let p = 10 + -9. Let z(m) be the third derivative of 0*m**3 - 2*m**2 - 1/30*m**5 - 1/20*m**6 + 0*m + 0 + 1/24*m**4. Give z(p).
-7
Let t(v) = 3*v**2 + 8*v - 5. Let q(d) = d**2 - 1. Let o(x) = -2*q(x) + t(x). Determine o(-9).
6
Suppose -9*j - 136 = -181. Let i(n) be the first derivative of n**4/4 - 2*n**3 + 5*n**2/2 + 5*n + 1. What is i(j)?
5
Let r(k) be the first derivative of -k**6/120 - k**5/15 + 7*k**4/24 + 5*k**3/6 - 3*k**2/2 + 6. Let n(f) be the second derivative of r(f). Calculate n(-5).
-5
Let y(d) = -14*d**3 - 2*d**2 + 1. Suppose 0 = 5*c + 4*b + 3, 4*c - b = -c + 7. What is y(c)?
-15
Let w(c) = 9*c + 0*c**2 - 2*c**2 + 4 + 3*c**2 - 2. Determine w(-7).
-12
Let m(q) = 2*q + 54 - 54. Give m(1).
2
Let i(k) = k**2 - 39*k - 44*k + 79*k + 2. Suppose 0 = -4*y, -4*r + 3*y + 7 = -9. Give i(r).
2
Let x(j) = -14*j - 1. Let w = -51 + 50. Determine x(w).
13
Suppose -4*w = 3*j + 32, 0*j = 5*w - 2*j + 17. Let s(p) be the second derivative of p**4/12 + 2*p**3/3 + p**2 - 4*p. Determine s(w).
7
Suppose -b = 4*b. Let z(i) = -2 + 5*i + b + 3 + 3. What is z(-3)?
-11
Let u(g) = 93*g - 93*g + g**2 + 0*g**2. Give u(-3).
9
Let s(h) = -h**2 + h. Suppose -2*k = -3*i - 0*k - 25, -2*k + 5 = i. Let o = i - -6. Determine s(o).
0
Let z(o) = o**2 + 1. Let n = -10 + 13. Calculate z(n).
10
Suppose -3 - 3 = 3*q. Let t(l) = 4*l**2. Calculate t(q).
16
Let k = 8 + -4. Let r = 4 + -1. Let l(v) = 1 + r*v + k - v. Determine l(-4).
-3
Let o(n) = -9164 + n**3 - n + n + 9169 - 5*n**2. Let j(p) = 2*p - 1. Let u be j(3). Determine o(u).
5
Let d(g) = 6*g - 1. Suppose 6 = 3*l + 3. What is d(l)?
5
Let u(x) be the second derivative of -x**4/12 - 2*x**3 - 7*x**2 + 2*x - 5. Determine u(-10).
6
Let d(y) = y**3 - 3*y**2 + y - 2. Suppose 5*u + 20 = 2*v, -2*u - 4 - 4 = 2*v. Suppose -2*w + 1 + 7 = v. Suppose w*c - 6 = 2*c. Calculate d(c).
1
Let x(p) = -2*p + 1. Let c be x(-3). Let z be (-14)/(-7)*-1*2. Let q = c + z. Let f(s) = -s**3 + 4*s**2 - s - 4. Give f(q).
2
Let x(d) = 1. Let b(w) = -2*w - 1. Let q(h) = -b(h) - 5*x(h). Let s = -21 - -18. Determine q(s).
-10
Let t(r) be the second derivative of -r**5/10 + r**4/3 - r**3/2 + r**2 - 4*r. Give t(2).
-4
Let z(h) be the first derivative of -h**4/4 - 5*h**3/3 - 2*h**2 + h - 2. Let a be z(-4). Let j be -1 + -2 + (a - -3). Let o(k) = 5*k**2 - 2*k + 1. Give o(j).
4
Let y be (-4)/(-8)*(-2 + 2). Let g(k) = 0*k**2 + k**2 - 1 - 2 + k. Give g(y).
-3
Suppose 4*t + 24 = -5*h, 0 = h - 2*h + 4. Let y(d) = -3*d**2 - 5. Let x(g) = 6*g**2 + 9. Let n(c) = t*y(c) - 6*x(c). What is n(-1)?
-2
Let a(f) = f**3 - 8*f**2 - 7*f - 11. Let r = -159 - -168. Give a(r).
7
Let t(n) be the second derivative of -3*n + 0 - 5/12*n**4 - 3*n**2 - 1/20*n**5 + 2/3*n**3. Calculate t(-6).
6
Let l(o) = 4*o - 13. Let x be l(4). Let g(t) = 6*t - 4 - 3*t - t. Determine g(x).
2
Let n(r) = -r**3 - 4*r**2 - 4. Let z(b) = -b**3 - 12*b**2 + 13*b - 4. Let h be z(-13). Calculate n(h).
-4
Let j(w) = -4*w + 5*w + 4*w + w**2. Let p(h) = h**2 + 6*h + 5. Let v be p(-5). Suppose v = 2*m + 2*i + 18, -2*m + 9 = -4*m + i. Calculate j(m).
6
Let u(w) be the third derivative of -2/3*w**3 + 1/24*w**4 + 1/60*w**5 + 0 + 0*w - 4*w**2. Give u(0).
-4
Let d(m) be the second derivative of m**3/6 - 2*m**2 + 36*m. What is d(5)?
1
Let d(x) = 2*x - 1. Let v be d(2). Suppose 25 = v*z - 4*k - 7, 0 = 3*z + 2*k - 2. Let c(t) = -z + 2*t + 13 - t. What is c(-4)?
5
Let g(q) = q**3 - 3*q. Let o(i) = -2*i + 15. Let w be o(6). Give g(w).
18
Let n(v) be the third derivative of -1/15*v**5 - 2/3*v**3 + 0 + 0*v - 5/24*v**4 + 1/120*v**6 + 2*v**2. Determine n(5).
-4
Let c be (-1)/(4/12) + 8. Let k be (9/c)/(9/30). Let n(m) = -m - 4. Calculate n(k).
-10
Let c(t) be the first derivative of -t**3/3 - 9*t**2/2 + 4*t - 26. Determine c(-8).
12
Let g(o) = -o**2 - 5*o - 4. Let h(u) = 3*u**2 + 10*u + 9. Let j(y) = 5*g(y) + 2*h(y). Let i = 13 - 0. Suppose 5*v - s = 26, -35 = -5*v - 3*s - i. Give j(v).
-2
Suppose -4*l + 13 = -k - 4*k, 2*l + 4*k - 26 = 0. Let n be 6/l*(0 + -7). Let f(t) = t + 8. What is f(n)?
2
Let y(c) be the second derivative of -c**3/6 + c. Suppose 3*u - 3 = -0*u, 0 = s - 2*u + 6. Determine y(s).
4
Let k(p) be the second derivative of p**7/840 - p**6/60 + p**5/60 - 7*p**4/24 + 5*p**3/6 + p. Let x(m) be the second derivative of k(m). Determine x(6).
5
Let l(k) = -9*k**2 + 11*k - 4. Let p(i) = -4*i**2 + 5*i - 2. Let v(n) = 3*l(n) - 7*p(n). What is v(4)?
10
Let a(p) = -2*p - 9. Let k(z) = 3*z + 14. Let x(o) = 7*a(o) + 5*k(o). Let j be (-6)/(-1)*1/3. Suppose m = j*m. Determine x(m).
7
Let i(w) be the third derivative of -w**4/24 + w**3/6 - 19*w**2. Determine i(7).
-6
Let f(p) = 5*p**2 + 2*p + 7. Let u(v) = -9*v**2 - 4*v - 13. Let s be ((-2)/(-6))/(2/102). Suppose -s = -3*q - 50. Let t(j) = q*f(j) - 6*u(j). Calculate t(-2).
-7
Let j(c) = 2*c**2 - 2*c - 1. Let t be (-9)/3 + (-4 - -1). Let k be (-3)/9 + 4/t. Let q be 0 + k + -4 + 3. Determine j(q).
11
Let c(n) = -2*n - 3. Let v be 10 - -1*1*-2. Let s = -5 + v. Let u(f) = f + 2. Let l(i) = s*c(i) + 5*u(i). Calculate l(3).
-2
Suppose 2*i = 4*